16
What is -11435 (base 9) in base 12?
-4512
Convert -3453 (base 8) to base 14.
-951
What is 3105 (base 9) in base 3?
10010012
-22746 (base 10) to base 8
-54332
What is -2050 (base 8) in base 5?
-13224
What is -67 (base 15) in base 11?
-89
Convert 443 (base 7) to base 6.
1015
Convert 10102 (base 8) to base 10.
4162
What is -3112121 (base 4) in base 5?
-414341
What is 17 (base 9) in base 3?
121
Convert -28655 (base 9) to base 16.
-4c22
504 (base 7) to base 13
162
-624 (base 14) to base 12
-848
Convert 1120022 (base 3) to base 9.
1508
What is -13 (base 9) in base 6?
-20
Convert -1021112122 (base 3) to base 11.
-17a12
What is 1836 (base 9) in base 8?
2602
What is -998d (base 15) in base 16?
-7f15
Convert -422630 (base 7) to base 13.
-2731a
What is -7937 (base 15) in base 10?
-25702
-20b3 (base 12) to base 9
-4830
Convert -85 (base 9) to base 2.
-1001101
What is -15432 (base 6) in base 9?
-3432
-6320 (base 9) to base 13
-2157
Convert -10010100000111 (base 2) to base 4.
-2110013
34266 (base 7) to base 10
8721
Convert -37dc (base 14) to base 16.
-2646
14b6 (base 14) to base 15
115d
1c21 (base 14) to base 6
35421
What is 1002230 (base 4) in base 8?
10254
Convert -149 (base 15) to base 2.
-100100110
-1a27 (base 16) to base 15
-1eb5
What is -23322 (base 4) in base 3?
-1001020
Convert -1de (base 16) to base 3.
-122201
-32141 (base 8) to base 12
-7915
450 (base 11) to base 2
1000011011
Convert 3a21 (base 11) to base 8.
12152
What is -1845 (base 10) in base 15?
-830
Convert 20120 (base 3) to base 14.
c9
Convert 347 (base 14) to base 9.
803
What is 265 (base 15) in base 10?
545
-146304 (base 7) to base 3
-1110021000
Convert 1130 (base 7) to base 11.
346
Convert 12210 (base 3) to base 10.
156
What is -1102222122 (base 3) in base 15?
-864b
What is -10011111 (base 2) in base 8?
-237
Convert c226 (base 15) to base 5.
2302421
Convert -23ad (base 16) to base 2.
-10001110101101
Convert a2 (base 15) to base 7.
305
-908 (base 12) to base 8
-2430
-1ca2 (base 14) to base 9
-7160
-418 (base 11) to base 16
-1f7
What is -1100100110001 (base 2) in base 6?
-45505
What is -43304 (base 6) in base 9?
-8134
Convert 1ba (base 14) to base 3.
111100
What is 6240 (base 12) in base 9?
15613
What is 637 (base 13) in base 11?
884
2256 (base 8) to base 15
54d
Convert -5310 (base 9) to base 14.
-15c5
What is 220020 (base 3) in base 8?
1216
What is -1172 (base 13) in base 16?
-99b
Convert 200220 (base 3) to base 8.
776
Convert -25 (base 6) to base 4.
-101
3152 (base 6) to base 5
10331
1132431 (base 6) to base 12
2a117
Convert 165a (base 11) to base 8.
4112
Convert -32a3 (base 11) to base 12.
-2624
-220110 (base 3) to base 12
-470
-13525 (base 8) to base 16
-1755
Convert 1297 (base 16) to base 13.
2221
-2112101101 (base 3) to base 2
-1100001010111100
What is -25496 (base 11) in base 10?
-36526
What is -3e (base 15) in base 6?
-135
871 (base 9) to base 16
2c8
110103 (base 4) to base 5
20144
Convert 10111102 (base 4) to base 8.
42522
What is -2122100 (base 3) in base 7?
-5421
What is 2380 (base 11) in base 10?
3113
Convert 30546 (base 7) to base 15.
233c
-8ab (base 13) to base 7
-4232
Convert -17333 (base 11) to base 6.
-304433
-2471 (base 8) to base 2
-10100111001
What is 82b0 (base 14) in base 5?
1204443
Convert 32132 (base 6) to base 2.
1000100011000
100011000010100 (base 2) to base 9
26543
What is 30e (base 15) in base 16?
2b1
Convert -525 (base 15) to base 7.
-3245
What is -63 (base 15) in base 10?
-93
Convert -8540 (base 15) to base 10.
-28185
12644 (base 9) to base 4
2011201
Convert -110101110 (base 2) to base 5.
-3210
What is 29a (base 13) in base 4?
13101
What is -1020112 (base 3) in base 12?
-635
123 (base 11) to base 2
10010010
-13226 (base 9) to base 13
-40b3
What is 463 (base 13) in base 3?
1001001
1818 (base 13) to base 4
313302
What is 123311 (base 4) in base 14?
913
6677 (base 9) to base 13
2323
1542 (base 11) to base 14
a18
Convert -1110203 (base 5) to base 8.
-45744
What is -3023121 (base 4) in base 6?
-140133
What is 1000010101 (base 2) in base 11?
445
-1993 (base 14) to base 6
-33245
85322 (base 9) to base 13
1c892
Convert 4242 (base 6) to base 8.
1702
-103432 (base 7) to base 9
-26681
1013452 (base 6) to base 5
3030101
Convert -2acf (base 16) to base 9.
-16026
-27333 (base 10) to base 7
-142455
-76e (base 15) to base 2
-11010001111
What is -111101100 (base 2) in base 6?
-2140
What is 4441 (base 5) in base 14?
325
What is 10320 (base 4) in base 11?
264
Convert -110011111 (base 2) to base 9.
-511
Convert 212111 (base 5) to base 6.
53044
Convert 1316 (base 11) to base 4.
122233
Convert 448 (base 9) to base 8.
560
What is 111121011 (base 3) in base 11?
74a2
What is -12617 (base 15) in base 16?
-e57b
1072 (base 15) to base 16
d9a
What is 12102 (base 5) in base 13?
545
What is -60224 (base 8) in base 15?
-74d4
Convert 111111101 (base 2) to base 13.
302
What is -427 (base 16) in base 6?
-4531
-321010 (base 4) to base 9
-5007
Convert -1411 (base 8) to base 16.
-309
-122111 (base 4) to base 10
-1685
-108b (base 15) to base 8
-6662
Convert 1706 (base 10) to base 5.
23311
What is 3072 (base 9) in base 2?
100011001100
What is d07 (base 14) in base 16?
9fb
What is 25303 (base 7) in base 16?
1a0b
Convert -434 (base 15) to base 11.
-793
262 (base 11) to base 9
374
What is -2349 (base 13) in base 10?
-4962
What is 4011 (base 5) in base 14?
282
-101022 (base 3) to base 12
-1b2
Convert -1211002 (base 5) to base 4.
-11201203
What is -88b (base 12) in base 3?
-1201122
217 (base 12) to base 13
1a8
Convert 6686 (base 9) to base 11.
378a
Convert 111555 (base 7) to base 3.
1000012200
-192 (base 16) to base 14
-20a
-6b9 (base 14) to base 12
-937
Convert -106a (base 13) to base 11.
-1798
What is 1515 (base 6) in base 11?
340
-3865 (base 10) to base 3
-12022011
What is -33310012 (base 4) in base 6?
-1215514
What is -10223 (base 5) in base 4?
-22300
What is -5681 (base 10) in base 12?
-3355
What is 2242 (base 12) in base 3?
12012112
What is -66 (base 15) in base 13?
-75
What is -10110110 (base 2) in base 15?
-c2
What is 3602 (base 11) in base 4?
1021301
Convert -210010 (base 3) to base 8.
-1072
Convert -4d (base 14) to base 10.
-69
Convert 724 (base 10) to base 11.
5a9
-220 (base 3) to base 13
-1b
Convert -110011 (base 2) to base 16.
-33
Convert -164 (base 9) to base 13.
-a9
Convert -10023301 (base 4) to base 8.
-41361
What is c41 (base 16) in base 14?
1201
What is babb (base 12) in base 9?
31218
Convert -277b (base 14) to base 2.
-1101100111001
Convert -20122 (base 3) to base 6.
-455
What is -58 (base 13) in base 5?
-243
What is 277 (base 11) in base 8?
506
-66512 (base 7) to base 9
-24835
-ce4 (base 16) to base 6
-23140
What is -1015122 (base 6) in base 9?
-74285
What is -100012 (base 5) in base 15?
-ddc
Convert 195 (base 11) to base 7.
441
Convert -416 (base 13) to base 9.
-852
Convert 1a7 (base 13) to base 5.
2211
Convert 2cb1 (base 15) to base 9.
14164
200314 (base 5) to base 12
37ba
What is 31311 (base 7) in base 6?
55353
Convert 33322010 (base 4) to base 9.
108335
What is -53616 (base 9) in base 16?
-8aa5
What is 2553 (base 12) in base 8?
10217
Convert 871c (base 14) to base 10.
23350
85a9 (base 12) to base 8
34521
21 (base 5) to base 12
b
232 (base 6) to base 5
332
-606 (base 12) to base 10
-870
What is -1001011101110 (base 2) in base 16?
-12ee
-31113 (base 5) to base 14
-a53
-40 (base 15) to base 3
-2020
What is 123 (base 12) in base 13?
102
-100011111 (base 2) to base 7
-560
4ab (base 13) to base 14
425
Convert 653 (base 12) to base 14.
4a3
What is 11546 (base 10) in base 16?
2d1a
10000101 (base 2) to base 7
250
-13080 (base 10) to base 6
-140320
What is -7887 (base 9) in base 4?
-1123012
-77b (base 13) to base 7
-3514
What is -3a3 (base 15) in base 14?
-432
What is 351a (base 15) in base 11?
8520
What is 100202210 (base 3) in base 7?
26523
Convert 1341b (base 15) to base 10.
61676
Convert -45762 (base 8) to base 6.
-230002
Convert -30035 (base 7) to base 9.
-10822
What is -1a4 (base 12) in base 4?
-10030
Convert -1654 (base 9) to base 15.
-594
What is 12321121 (base 4) in base 11?
1a251
Convert -100434 (base 5) to base 16.
-cac
-f8e (base 16) to base 3
-12110111
What is -1560 (base 7) in base 8?
-1166
Convert -6ed (base 15) to base 2.
-11000100101
Convert 1111110101 (base 2) to b